ve of n(k). Give y(2).
6
Let l be 6/18 + (-5)/(-3). Suppose -t + 5*b = -9, 0*b + b = l*t - 9. Let m(u) = 3*u + 4. Let v(d) = 4*d + 5. Let n(c) = 3*m(c) - 2*v(c). What is n(t)?
6
Let n(o) = o**2 + 2 + 4 - 2 + 3*o. Let t = 12 - 15. Calculate n(t).
4
Suppose 24 = -2*f - 5*u, 0 = 2*f + 3*f + 2*u + 18. Let k = 5 + f. Let t(i) = -i**3 - i**2 - 1. Let q(n) = 3*n**2 + 4. Let x(p) = -q(p) - t(p). Give x(k).
6
Let m = 16 - 17. Let s(d) = 10*d**3 - d - 1. Determine s(m).
-10
Let v(g) = -2 + 0*g**3 + 6 + 2*g**3 - 3*g**2 - g**3 - g. Let p(o) = o - 13. Let b be p(16). Determine v(b).
1
Let x(c) be the third derivative of 3*c**2 - 1/30*c**5 + 0*c + 0*c**3 + 0 - 1/6*c**4. Calculate x(-3).
-6
Let j(d) = -2*d - 1 + 0 + 10*d**2 + 0. Let o be (0 - 2 - -3)/(-1). Give j(o).
11
Let d(m) = 0 - 5*m + 1 - 2*m + 11*m. Determine d(1).
5
Suppose -3*s = -0*s - 12. Suppose 4 = -s*u + 16. Let c(x) = 2*x**2 - x**2 + 5*x + u - 1 + 0. Calculate c(-5).
2
Let f(z) = -4*z**3 + 3*z**2 + 4*z + 2. Let v(k) = -3*k**3 + 3*k**2 + 3*k + 2. Let o(i) = 4*f(i) - 5*v(i). Calculate o(-3).
-5
Let f(d) be the first derivative of -d**4 - d**3/3 + 36. Let j(h) = -h**2 - h + 1. Let q be j(-2). Give f(q).
3
Let a(y) be the third derivative of 0*y + 1/120*y**6 - 1/8*y**4 + 1/15*y**5 - 5/6*y**3 + 3*y**2 + 0. What is a(-4)?
7
Let b(p) = 4*p + p + 6 - 6*p. What is b(8)?
-2
Let u(a) = -a**3 - a**2 + 2*a + 3. Let n = 14 + -12. Suppose n = t + 4. Calculate u(t).
3
Let k(c) be the third derivative of c**4/24 + c**3/6 + 10*c**2. What is k(-3)?
-2
Let c(p) = p + 12. Let i be 11/(-66) - (-74)/12. Let m be 20/30 + (-4)/i. Determine c(m).
12
Let y(b) = 3*b**3 - 2*b**2 + 1. Suppose 0 = 2*l - 3*h - 0 - 8, -3*l + 4*h + 11 = 0. What is y(l)?
2
Let u be -1 + -2 + 6 + 0. Let j(t) = 6*t - 3. Let k(b) be the first derivative of -b**2/2 + 4. Let f(w) = -j(w) - 5*k(w). What is f(u)?
0
Let v(t) = t**2 - 6*t - 2. Let p be v(6). Let o(n) be the third derivative of -2*n**2 - 1/12*n**4 + 0*n**3 - 1/60*n**5 - 1/120*n**6 + 0 + 0*n. Determine o(p).
8
Let n(k) be the second derivative of 1/6*k**3 - 7*k + 1/2*k**2 + 0. Suppose -18 - 2 = 4*j. Determine n(j).
-4
Let d be (-2)/(-5) - (-8)/5. Let j(o) = 4*o + o**d + 1 + 2*o**2 - 4*o**2. Let x(i) = -4*i - 27. Let l be x(-8). Give j(l).
-4
Let f(r) = 5*r + 10*r**2 + 12*r**2 - 27*r**2 + r**3. Calculate f(5).
25
Let s be (8/(-10))/(0 - 3/15). Let c(f) = -f**2 + 1 + 1 + 3*f + 3. Let g be c(s). Let t(h) = -8*h**2 - h + 1. Give t(g).
-8
Let h(v) = -v**3 - 5*v**2 - 5*v - 1. Let j be h(-4). Let x(w) = 5 + w**3 + 3 - 3*w**2 - 11 + 3*w + 0. Calculate x(j).
6
Let r = 6 - 1. Suppose -6*f + 4*c = -2*f, -3*f + 24 = r*c. Let d(y) = -15*y - 5. Let z(i) = -8*i - 3. Let u(m) = -6*d(m) + 11*z(m). What is u(f)?
3
Let t be (-2 - -1)/1*-1. Let l(m) = t - 4*m**3 + 3 - 3. Suppose 1 = 5*x - 4. Determine l(x).
-3
Let j = -15 - -21. Let s(b) = 2 + 2 + b - 10. Determine s(j).
0
Let v be -5 - (12/(-15))/(2/(-5)). Let u(x) = x + 4. Give u(v).
-3
Let b be 2/9 - (2 + (-204)/54). Let t(w) = 3*w + 1. What is t(b)?
7
Let h(j) = 3 - 13*j - 6 + 2 + 0. Determine h(-1).
12
Let r(i) = i**3 - i**2. Let g be r(2). Let t(a) = 3*a - 4. Determine t(g).
8
Let y(q) = -4*q**3 - 5*q**2 - 5*q. Let i(m) = -m**3 + 1. Let l(j) = 3*i(j) - y(j). Let x(o) = -o + 2. Let c be x(0). Suppose 5 = -c*f - 1. What is l(f)?
6
Let g(d) = 3*d - 1. Let f(h) = 2*h - 1. Let j(n) = 7*f(n) - 6*g(n). Give j(-2).
7
Let w(v) be the second derivative of 0 + 1/6*v**3 + 5*v - 1/2*v**2 - 1/12*v**4. What is w(0)?
-1
Let h(n) be the third derivative of 0*n**3 - 8*n**2 + 0 + 0*n - 1/12*n**4. Determine h(-2).
4
Let g(u) = -13*u + 3. Let d(j) = 7*j - 1. Let b(m) = 7*d(m) + 4*g(m). Calculate b(7).
-16
Let y(f) be the third derivative of 0 + 1/120*f**5 + 0*f**3 + 0*f + 1/12*f**4 - 2*f**2 + 1/144*f**6. Let t(d) be the second derivative of y(d). Determine t(-1).
-4
Let y(j) = -j**3 - 4*j**2 + j + 3. Let g(i) = -2*i**3 - 4*i**2 + 2*i + 4. Let s(p) = 2*g(p) - 3*y(p). Determine s(3).
11
Suppose -5*p = 8 - 13. Let n(h) be the third derivative of 3*h**6/40 + h**5/30 - h**4/24 + h**2. Give n(p).
10
Suppose -27 = -o + 2*o - 5*v, 4*v - 26 = 3*o. Let x(k) = 3*k + 1 + 3 - 5. Determine x(o).
-7
Suppose 0 = -c - 2*c. Let g(s) = c*s + 2*s**2 - s**2 + 2*s. Calculate g(-4).
8
Let w(p) = -314*p**2 + 156*p**2 + 5 - 5*p - 6 + 157*p**2. Let x be 2/(-2) - (1 + 0). Give w(x).
5
Let u = 787 - 791. Let a(o) be the second derivative of o**2 - o + 1/6*o**3 + 0. Determine a(u).
-2
Let n be (-2)/((6 - 6) + 2/(-8)). Let l(c) = c - 2. Calculate l(n).
6
Suppose 0 = 2*s - 4. Let m = -27 - -34. Let x(c) = 0*c - m*c - 1 + 3*c**s + 2*c + 3*c. Calculate x(-1).
4
Let m(y) be the first derivative of y**4/4 - y**3 - y**2 + y - 1. Let s = -11 + 11. Suppose 5*l - 2*l - 9 = s. Give m(l).
-5
Suppose -3*j = 2*j - 15. Suppose -g + 10 = u, u - 4*g = -j*g + 2. Suppose -3*i + u = -5*w, 0*w = -w - 3*i + 6. Let r(b) = -b + 1. Determine r(w).
1
Suppose 4*m + 4 = 2*m. Let f(x) = x**2 + 5*x + 1. What is f(m)?
-5
Let m(l) = l - 7. Let r be m(12). Let p(t) = -2*t**3 + 8*t**2 + 19*t - 21. Let n(o) = -o**3 + 4*o**2 + 9*o - 10. Let a(u) = -7*n(u) + 3*p(u). What is a(r)?
2
Let w = -2 - 0. Suppose -4*v + 1 = 1. Let u be v/(-1 + 2 + w). Let y(z) = -z + 5. Calculate y(u).
5
Let m(y) = -y + 1. Let a be m(-5). Let f(s) = 11 - 15 + 0*s + 2*s - s. Determine f(a).
2
Let m(n) = 38*n + 3 - 5 - 44*n. Calculate m(-2).
10
Let h(x) = x**2 + 3*x - 2. Suppose 5*f = -3*l - 5 + 13, 4*l - 4*f = -32. Determine h(l).
2
Let r(y) = 0 + 7*y - y**2 - 10*y - 2. Determine r(-4).
-6
Let d(i) = i**3 + 5*i**2 - 6*i + 7. Let c(q) = q**3 - 10*q**2 + 8*q + 3. Let n be c(9). Calculate d(n).
7
Let a(n) = 2*n + 9. Suppose -2*s + 5*s - 3 = -5*c, -4*c + 4*s + 28 = 0. Let p(j) = -j - 4. Let r(h) = c*a(h) + 7*p(h). Let k be 1/((-1 - 1)/(-8)). What is r(k)?
-5
Let o(w) be the third derivative of -w**4/24 + 2*w**3/3 + 2*w**2. Let c(i) = -i + 5. Let s be c(8). Determine o(s).
7
Let n(q) be the second derivative of q**3/6 - 4*q**2 - 31*q. What is n(7)?
-1
Let a be (-24)/(-14) - (-6)/21. Suppose -5*m + 8 = -a. Let o(s) = m*s**2 + s**3 - 2*s**3 - 5*s + 4*s**2 + 1. Calculate o(5).
1
Let a = 1 + -2. Let y(i) = -i - i**3 - 13*i**2 + 45*i**2 - 13*i**2 - 18*i**2. Let t(w) = 5*w**3 - 8*w**2 + 5*w + 2. Let s(k) = a*t(k) - 6*y(k). Determine s(-2).
-4
Suppose 3*n + k - 3 + 2 = 0, -n - 2*k + 2 = 0. Let r(a) = a + 4. Let w = 3 - 1. Let h(b) = -b - 5. Let p(j) = w*h(j) + 3*r(j). Calculate p(n).
2
Let v(o) be the first derivative of -o**5/20 + o**4/3 + o**3 - 7*o**2/2 + 4*o - 3. Let u(c) be the first derivative of v(c). Give u(5).
-2
Let j(u) = -u**2 - 8*u. Suppose q - 3*q - 16 = 0. Give j(q).
0
Let g(u) = -u + 7. Suppose y = -0*y - 5*v - 3, v + 1 = 0. Suppose -3*n - y + 8 = 0. Let p be ((-5)/10)/(n/(-20)). Calculate g(p).
2
Let a(q) be the third derivative of -q**4/12 + q**3/2 - q**2. Let r be (-18)/(-6)*4/(-6). Let y = 6 + r. Calculate a(y).
-5
Suppose 3*s + k = 2, 2*s + 3*k - 5 - 1 = 0. Let w(u) = -2*u**2 - 5*u**2 + s*u**2 + 4 - 5. What is w(1)?
-8
Let u(f) be the third derivative of f**6/120 + f**5/15 + f**3/6 + 13*f**2. Give u(-3).
10
Let m(u) = 0*u + 10*u**3 - 22*u**3 - 4*u + 5*u**2 + 11*u**3. Let g = 8 + -4. Determine m(g).
0
Let r(q) = q + 2. Let h = -56 + 60. Calculate r(h).
6
Let d(x) = 5*x**2 - x. Let v(z) = -z. Let k be v(-1). Determine d(k).
4
Let m be (-36)/45 + (-1)/5. Let i(j) = -5*j**2 + j. Determine i(m).
-6
Suppose 2*v = -3*o + o, 2*v - 5*o + 21 = 0. Let y(z) = 2*z - 3. What is y(v)?
-9
Let x(z) be the first derivative of 2 - 1/2*z**2 - z. Give x(-1).
0
Let d(z) = 19*z**2 + 6*z - 11*z**2 + 1 - 7*z**2. Calculate d(-5).
-4
Let m(p) = -2*p**2 - 6*p - 7. Let c(y) = y**2 + 3*y + 4. Let w(q) = 7*c(q) + 4*m(q). Let l be (6/2)/(-1 + (-3)/(-12)). What is w(l)?
-4
Suppose -3*x + 2*y - 2 = 0, 4*x - 4 = -0*y + 4*y. Let g be (-3)/(-1)*(-3)/(-3). Let c(f) = f - 3 - 2 + 5 + g. What is c(x)?
-1
Let l = -71 - -74. Let r(w) = -w**2 - 2*w + 1. Determine r(l).
-14
Let o(l) = -l. Let p be o(-1). Let g be (p + 33/9)*-3. Let i = g - -8. Let f(j) = -j**2 - 7*j - 2. Give f(i).
4
Let u(q) = -4*q + 1. Let i(z) = z - 3. Let m be i(0). Let r = m + 2. Determine u(r).
5
Let j be (-5 - -8)*((-4)/(-3) + 0). Let s(g) = 4*g - 2. Let p(u) = u + 1. Let h(i) = -3*p(i) + s(i). Calculate h(j).
-1
Let v